{"id":108,"date":"2022-11-19T11:41:18","date_gmt":"2022-11-19T11:41:18","guid":{"rendered":"https:\/\/schnitzelbank-benefiz-abend.ch\/?page_id=108"},"modified":"2026-03-13T16:53:51","modified_gmt":"2026-03-13T16:53:51","slug":"der-benefiz-schnitzelbankabend-ist-wieder-da","status":"publish","type":"page","link":"https:\/\/schnitzelbank-benefiz-abend.ch\/","title":{"rendered":"Der Schnitzelbank-Benefiz-Abend am Aeschermittwoch"},"content":{"rendered":"\n<h5 class=\"wp-block-heading has-text-align-left\">Schnitzelb\u00e4nke geniessen &amp; Engagement unterst\u00fctzen<\/h5>\n\n\n\n<p>Der n\u00e4chste Schnitzelbank-Benefiz-Abend findet am 10. Februar 2027 statt. <br><\/p>\n\n\n\n<p><\/p>\n\n\n<div class=\"wp-block-image\">\n<figure class=\"aligncenter size-large is-resized\"><img loading=\"lazy\" decoding=\"async\" width=\"1024\" height=\"107\" src=\"https:\/\/schnitzelbank-benefiz-abend.ch\/wp-content\/uploads\/2022\/11\/Teiler_Keller-1024x107.jpg\" alt=\"\" class=\"wp-image-125\" style=\"width:612px;height:64px\" srcset=\"https:\/\/schnitzelbank-benefiz-abend.ch\/wp-content\/uploads\/2022\/11\/Teiler_Keller-1024x107.jpg 1024w, https:\/\/schnitzelbank-benefiz-abend.ch\/wp-content\/uploads\/2022\/11\/Teiler_Keller-300x31.jpg 300w, https:\/\/schnitzelbank-benefiz-abend.ch\/wp-content\/uploads\/2022\/11\/Teiler_Keller-768x80.jpg 768w, https:\/\/schnitzelbank-benefiz-abend.ch\/wp-content\/uploads\/2022\/11\/Teiler_Keller-1536x160.jpg 1536w, https:\/\/schnitzelbank-benefiz-abend.ch\/wp-content\/uploads\/2022\/11\/Teiler_Keller.jpg 1923w\" sizes=\"auto, (max-width: 1024px) 100vw, 1024px\" \/><\/figure>\n<\/div>\n\n\n<p><strong>Das ist der Schnitzelbank-Benefiz-Abend:<\/strong><br>&#8211;&gt; Kurz vor der Fasnacht beste Schnitzelb\u00e4nke geniessen.<br>&#8211;&gt; Menschen aus der Region unterst\u00fctzen, die sich f\u00fcr Kinder und Jugendliche engagieren.<br>&#8211;&gt; Das fantastische Ambiente eines der sch\u00f6nsten Cliquenkeller der Stadt geniessen.<br>&#8211;&gt; Et voil\u00e0: Das ist der traditionelle Schnitzelbank-Benefiz-Abend.<\/p>\n\n\n<div class=\"wp-block-image\">\n<figure class=\"aligncenter size-large is-resized\"><img loading=\"lazy\" decoding=\"async\" width=\"1024\" height=\"97\" src=\"https:\/\/schnitzelbank-benefiz-abend.ch\/wp-content\/uploads\/2022\/11\/Teiler_Singvogel-1024x97.jpg\" alt=\"\" class=\"wp-image-123\" style=\"width:591px;height:56px\" srcset=\"https:\/\/schnitzelbank-benefiz-abend.ch\/wp-content\/uploads\/2022\/11\/Teiler_Singvogel-1024x97.jpg 1024w, https:\/\/schnitzelbank-benefiz-abend.ch\/wp-content\/uploads\/2022\/11\/Teiler_Singvogel-300x28.jpg 300w, https:\/\/schnitzelbank-benefiz-abend.ch\/wp-content\/uploads\/2022\/11\/Teiler_Singvogel-768x73.jpg 768w, https:\/\/schnitzelbank-benefiz-abend.ch\/wp-content\/uploads\/2022\/11\/Teiler_Singvogel-1536x146.jpg 1536w, https:\/\/schnitzelbank-benefiz-abend.ch\/wp-content\/uploads\/2022\/11\/Teiler_Singvogel-2048x194.jpg 2048w\" sizes=\"auto, (max-width: 1024px) 100vw, 1024px\" \/><\/figure>\n<\/div>\n\n\n<h5 class=\"wp-block-heading\">Eckdaten:<\/h5>\n\n\n\n<p>&#8211;> Datum: 10. Februar 2027, 19:30 Uhr<br>&#8211;> Ort: Keller der Stainlemer Alti Garde, Nadelberg 6<br>&#8211;> 8-9 Schnitzelb\u00e4nke<br>&#8211;> Restauration zu moderaten Preisen<br>&#8211;> Ticketpreis: 100.- (inkl. ein Getr\u00e4nk und ein Snack)<br>&#8211;> Gesamter Gewinn geht an ein gemeinn\u00fctziges und regionales Projekt f\u00fcr Kinder oder Jugendliche<\/p>\n\n\n\n<p><\/p>\n\n\n\n<p><\/p>\n","protected":false},"excerpt":{"rendered":"<p>Schnitzelb\u00e4nke geniessen &amp; Engagement unterst\u00fctzen Der n\u00e4chste Schnitzelbank-Benefiz-Abend findet am 10. Februar 2027 statt. Das ist der Schnitzelbank-Benefiz-Abend:&#8211;&gt; Kurz vor der Fasnacht beste Schnitzelb\u00e4nke geniessen.&#8211;&gt; Menschen aus der Region unterst\u00fctzen, die sich f\u00fcr Kinder und Jugendliche engagieren.&#8211;&gt; Das fantastische Ambiente eines der sch\u00f6nsten Cliquenkeller der Stadt geniessen.&#8211;&gt; Et voil\u00e0: Das ist der traditionelle Schnitzelbank-Benefiz-Abend. Eckdaten:&hellip;&nbsp;<a href=\"https:\/\/schnitzelbank-benefiz-abend.ch\/\" rel=\"bookmark\">Weiterlesen &raquo;<span class=\"screen-reader-text\">Der Schnitzelbank-Benefiz-Abend am Aeschermittwoch<\/span><\/a><\/p>\n","protected":false},"author":1,"featured_media":0,"parent":0,"menu_order":0,"comment_status":"closed","ping_status":"closed","template":"","meta":{"neve_meta_sidebar":"","neve_meta_container":"","neve_meta_enable_content_width":"","neve_meta_content_width":0,"neve_meta_title_alignment":"","neve_meta_author_avatar":"","neve_post_elements_order":"","neve_meta_disable_header":"","neve_meta_disable_footer":"","neve_meta_disable_title":"","footnotes":""},"class_list":["post-108","page","type-page","status-publish","hentry"],"_links":{"self":[{"href":"https:\/\/schnitzelbank-benefiz-abend.ch\/index.php?rest_route=\/wp\/v2\/pages\/108","targetHints":{"allow":["GET"]}}],"collection":[{"href":"https:\/\/schnitzelbank-benefiz-abend.ch\/index.php?rest_route=\/wp\/v2\/pages"}],"about":[{"href":"https:\/\/schnitzelbank-benefiz-abend.ch\/index.php?rest_route=\/wp\/v2\/types\/page"}],"author":[{"embeddable":true,"href":"https:\/\/schnitzelbank-benefiz-abend.ch\/index.php?rest_route=\/wp\/v2\/users\/1"}],"replies":[{"embeddable":true,"href":"https:\/\/schnitzelbank-benefiz-abend.ch\/index.php?rest_route=%2Fwp%2Fv2%2Fcomments&post=108"}],"version-history":[{"count":51,"href":"https:\/\/schnitzelbank-benefiz-abend.ch\/index.php?rest_route=\/wp\/v2\/pages\/108\/revisions"}],"predecessor-version":[{"id":395,"href":"https:\/\/schnitzelbank-benefiz-abend.ch\/index.php?rest_route=\/wp\/v2\/pages\/108\/revisions\/395"}],"wp:attachment":[{"href":"https:\/\/schnitzelbank-benefiz-abend.ch\/index.php?rest_route=%2Fwp%2Fv2%2Fmedia&parent=108"}],"curies":[{"name":"wp","href":"https:\/\/api.w.org\/{rel}","templated":true}]}}